1 (base 5) to base 4
-10130231
Convert -253530 (base 6) to base 3.
-1011101100
-13130 (base 5) to base 4
-100100
7ded (base 16) to base 15
9842
4130 (base 5) to base 16
21c
What is -119c (base 14) in base 11?
-2349
-221103 (base 4) to base 15
-bb3
-90 (base 16) to base 8
-220
Convert -1054 (base 7) to base 9.
-464
Convert 102111 (base 3) to base 10.
310
Convert -24461 (base 8) to base 7.
-42513
Convert 1331 (base 8) to base 11.
603
16ac (base 13) to base 14
1317
68c (base 13) to base 11
938
2264 (base 10) to base 13
1052
Convert -c43 (base 16) to base 13.
-1576
What is -1e41 (base 16) in base 14?
-2b73
What is 11010100010111 (base 2) in base 12?
7a47
What is 355 (base 9) in base 14?
16d
Convert -78 (base 15) to base 4.
-1301
What is 84575 (base 9) in base 4?
31221011
Convert 50a2 (base 12) to base 11.
6646
What is -302 (base 7) in base 14?
-a9
What is 322 (base 4) in base 6?
134
What is 101 (base 5) in base 11?
24
Convert -170 (base 15) to base 13.
-1c5
Convert -1113440 (base 6) to base 16.
-dce0
Convert -6052 (base 7) to base 2.
-100000101111
-10022100 (base 3) to base 12
-1490
Convert 3394 (base 14) to base 7.
35044
What is 10001 (base 3) in base 10?
82
What is -114644 (base 9) in base 2?
-10000110110111100
What is -1200 (base 6) in base 3?
-101200
What is -1ae (base 16) in base 5?
-3210
-1033221 (base 4) to base 7
-20601
Convert 2220 (base 3) to base 9.
86
What is 651 (base 12) in base 10?
925
Convert 111412 (base 5) to base 8.
7616
What is -1a996 (base 11) in base 9?
-43873
Convert 14 (base 11) to base 8.
17
What is 1212102 (base 3) in base 4?
111101
What is 150c2 (base 13) in base 3?
2000110112
What is -10010100110100 (base 2) in base 14?
-3684
-101100001 (base 2) to base 8
-541
Convert -1468 (base 9) to base 14.
-599
Convert 25474 (base 10) to base 9.
37844
Convert -11303003 (base 4) to base 12.
-118ab
756 (base 11) to base 13
54b
What is -21110 (base 3) in base 4?
-3021
-36455 (base 7) to base 5
-300442
Convert 1122021 (base 3) to base 4.
102223
What is -1000002200 (base 3) in base 10?
-19755
130b7 (base 13) to base 8
104746
Convert 2a2 (base 13) to base 10.
470
What is 68e0 (base 16) in base 10?
26848
Convert 1c1b (base 15) to base 10.
6101
Convert -2911 (base 10) to base 11.
-2207
5644 (base 8) to base 12
1884
1105535 (base 6) to base 16
d9a3
What is -29a2 (base 11) in base 9?
-5262
Convert 96d (base 15) to base 13.
c79
What is -1134 (base 8) in base 14?
-312
Convert -2120 (base 6) to base 8.
-740
Convert -161 (base 13) to base 14.
-13a
What is 110132 (base 4) in base 16?
51e
-1a (base 15) to base 9
-27
16010 (base 14) to base 2
1101011001101110
2664 (base 7) to base 9
1360
What is 11213 (base 4) in base 15?
18e
312211 (base 4) to base 2
110110100101
Convert -24044 (base 6) to base 15.
-1074
Convert -e86 (base 15) to base 6.
-23100
Convert -6042 (base 7) to base 12.
-1260
-11243 (base 14) to base 9
-63064
-4 (base 9) to base 11
-4
What is -479 (base 11) in base 13?
-34b
What is 4c3e (base 15) in base 12?
94ab
5820 (base 16) to base 13
a365
Convert -304 (base 15) to base 8.
-1247
-918 (base 10) to base 6
-4130
-200212202 (base 3) to base 12
-7b6b
Convert -6996 (base 11) to base 2.
-10001111011100
Convert -85 (base 16) to base 14.
-97
What is -183a3 (base 11) in base 9?
-38307
Convert 960 (base 15) to base 13.
c69
2506 (base 7) to base 9
1251
Convert 47b4 (base 12) to base 6.
101144
-328 (base 14) to base 9
-763
What is 103 (base 5) in base 15?
1d
-219 (base 13) to base 7
-1023
What is -24523 (base 8) in base 12?
-6157
Convert 2444 (base 5) to base 10.
374
23665 (base 7) to base 6
44324
-ba8 (base 16) to base 5
-43414
What is 23e (base 16) in base 2?
1000111110
Convert 1221 (base 3) to base 4.
310
Convert -1253 (base 12) to base 5.
-31304
Convert 4040 (base 5) to base 6.
2224
-20220022 (base 3) to base 13
-239c
Convert a1 (base 11) to base 4.
1233
12310 (base 6) to base 8
3462
Convert 3c26 (base 14) to base 4.
2211322
What is -10011222 (base 3) in base 7?
-6524
What is 396 (base 12) in base 15?
266
-10110001100001 (base 2) to base 7
-45060
Convert -38388 (base 11) to base 14.
-160aa
Convert 267b (base 12) to base 4.
1010333
What is -323 (base 6) in base 13?
-96
Convert 2826 (base 10) to base 12.
1776
Convert 1234 (base 15) to base 10.
3874
What is 32 (base 6) in base 8?
24
-3104420 (base 5) to base 8
-142662
Convert 3320233 (base 4) to base 2.
11111000101111
10312300 (base 4) to base 2
100110110110000
Convert 110110101101011 (base 2) to base 8.
66553
What is -102121122 (base 3) in base 13?
-3b15
What is -3444 (base 7) in base 13?
-759
840 (base 11) to base 8
1764
-12300231 (base 4) to base 12
-14039
-420 (base 6) to base 12
-110
-60ab (base 13) to base 4
-3100023
Convert -1100110100 (base 2) to base 12.
-584
-421124 (base 6) to base 11
-23577
-221100 (base 3) to base 4
-22230
What is -7770 (base 14) in base 4?
-11003012
2323330 (base 4) to base 8
27374
-3504 (base 12) to base 11
-4491
Convert 30a18 (base 12) to base 3.
10020100002
Convert 12200201 (base 3) to base 11.
3133
What is 11002120 (base 3) in base 7?
11463
22 (base 6) to base 2
1110
What is 34353 (base 6) in base 11?
3749
Convert 20032 (base 5) to base 4.
103303
Convert 3400 (base 5) to base 13.
2a7
What is -1110101 (base 2) in base 10?
-117
What is 212041 (base 7) in base 2?
1000111101111010
What is -12bd (base 16) in base 12?
-2939
-1079 (base 15) to base 2
-110110100001
What is -100000010001111 (base 2) in base 7?
-66120
What is 1973 (base 12) in base 16?
c27
-9709 (base 13) to base 9
-31674
-2211222 (base 3) to base 8
-4036
Convert -10010001000110110 (base 2) to base 7.
-426413
-ca4 (base 14) to base 2
-100111000000
What is -3606 (base 11) in base 2?
-1001001110101
What is -13101 (base 10) in base 9?
-18866
Convert 456 (base 12) to base 16.
282
5b10 (base 12) to base 10
10236
154 (base 13) to base 4
3232
Convert 2112104 (base 5) to base 4.
20213033
Convert 9a (base 12) to base 3.
11101
31214 (base 5) to base 14
a71
Convert -220130 (base 6) to base 3.
-220222000
Convert 201021 (base 3) to base 9.
637
What is -26112 (base 12) in base 3?
-2122022212
What is 11461 (base 12) in base 3?
1011201001
-2cb2 (base 13) to base 7
-25101
What is 2101100 (base 3) in base 9?
2340
What is -26026 (base 8) in base 12?
-6646
What is 8 (base 13) in base 12?
8
What is 11041 (base 5) in base 12?
543
Convert 16580 (base 11) to base 15.
6d9a
-8338 (base 14) to base 3
-1010222200
What is -9459 (base 15) in base 3?
-1121000110
What is -11313113 (base 4) in base 7?
-130016
Convert 4731 (base 12) to base 15.
2557
Convert -34979 (base 10) to base 5.
-2104404
1173 (base 13) to base 2
100110011100
What is -585 (base 16) in base 4?
-112011
Convert 406 (base 9) to base 8.
512
What is 12550 (base 6) in base 2?
11110010010
Convert 20131 (base 6) to base 4.
221113
Convert -51243 (base 7) to base 14.
-4793
Convert 2201122 (base 3) to base 6.
13112
Convert 1213132 (base 4) to base 2.
1100111011110
What is 19ac (base 14) in base 11?
3557
Convert 38059 (base 11) to base 5.
3222020
What is 2892 (base 11) in base 14?
1507
Convert 2077 (base 8) to base 7.
3112
Convert -4099 (base 16) to base 9.
-24614
Convert -10233 (base 5) to base 14.
-377
11ba8 (base 12) to base 10
24176
Convert 2765 (base 13) to base 7.
22334
What is 35121 (base 6) in base 16?
1399
-53015 (base 6) to base 2
-1101111100011
23214 (base 5) to base 10
1684
Convert -1441023 (base 5) to base 2.
-111100000101011
Convert 10334 (base 7) to base 16.
a0d
b6a5 (base 16) to base 7
253214
What is 31010 (base 4) in base 16?
344
8994 (base 13) to base 14
700a
What is 103012131 (base 4) in base 16?
1319d
Convert 53512 (base 6) to base 5.
213231
4952 (base 10) to base 11
37a2
What is 17550 (base 8) in base 16?
1f68
What is 1113202 (base 4) in base 9?
7614
What is -5 (base 10) in base 4?
-11
-2053 (base 6) to base 5
-3330
What is -5d20 (base 14) in base 11?
-11275
Convert 1078 (base 10) to base 12.
75a
2221011 (base 3) to base 13
c85
131110 (base 4) to base 8
3524
What is -a0 (base 16) in base 12?
-114
What is -30410 (base 5) in base 8?
-3674
-2207 (base 10) to base 4
-202133
-16613 (base 7) to base 6
-34015
Convert ca (base 14) to base 4.
2302
What is -430 (base 14) in base 3?
-1010121
Convert -2222332 (base 4) to base 5.
-322232
What is -18871 (base 10) in b